053084284?
8
What is the units digit of 149989506?
6
What is the millions digit of 1757576308?
7
What is the hundred millions digit of 298402139?
2
What is the thousands digit of 5703084958?
4
What is the hundred millions digit of 512401666?
5
What is the units digit of 414557471?
1
What is the tens digit of 260893449?
4
What is the tens digit of 6357585485?
8
What is the hundred thousands digit of 197495935?
4
What is the billions digit of 2633636617?
2
What is the ten thousands digit of 570760893?
6
What is the tens digit of 176610902?
0
What is the hundreds digit of 540649033?
0
What is the ten millions digit of 2090697842?
9
What is the thousands digit of 53654183?
4
What is the ten thousands digit of 306728239?
2
What is the hundred thousands digit of 42890441?
8
What is the hundred thousands digit of 3198329879?
3
What is the thousands digit of 2826098190?
8
What is the millions digit of 69736087?
9
What is the hundred thousands digit of 1891509826?
5
What is the ten thousands digit of 209207557?
0
What is the ten thousands digit of 15556644?
5
What is the thousands digit of 452907945?
7
What is the ten millions digit of 2226244953?
2
What is the thousands digit of 267171015?
1
What is the units digit of 41838360?
0
What is the tens digit of 1215833287?
8
What is the units digit of 13482736?
6
What is the ten millions digit of 4205224879?
0
What is the tens digit of 131604180?
8
What is the millions digit of 3037673680?
7
What is the billions digit of 4282822285?
4
What is the tens digit of 518979600?
0
What is the ten millions digit of 1701220257?
0
What is the hundreds digit of 532689927?
9
What is the tens digit of 279716803?
0
What is the millions digit of 26451511?
6
What is the hundreds digit of 233614452?
4
What is the tens digit of 1724294350?
5
What is the hundreds digit of 390442581?
5
What is the millions digit of 693636612?
3
What is the ten thousands digit of 146422967?
2
What is the billions digit of 4535768633?
4
What is the tens digit of 503232161?
6
What is the millions digit of 231548852?
1
What is the hundreds digit of 698207862?
8
What is the tens digit of 45429584?
8
What is the ten millions digit of 31771836?
3
What is the hundreds digit of 43396955?
9
What is the thousands digit of 36086909?
6
What is the millions digit of 2612688290?
2
What is the hundred millions digit of 1160282986?
1
What is the hundred millions digit of 587007920?
5
What is the ten thousands digit of 307580924?
8
What is the hundred thousands digit of 21392347?
3
What is the units digit of 37856584?
4
What is the ten thousands digit of 716806579?
0
What is the hundreds digit of 25723169?
1
What is the ten millions digit of 3059203045?
5
What is the ten thousands digit of 16258427?
5
What is the ten thousands digit of 2258375802?
7
What is the thousands digit of 238240797?
0
What is the ten thousands digit of 120429203?
2
What is the ten millions digit of 1458702360?
5
What is the tens digit of 36550056?
5
What is the tens digit of 608675617?
1
What is the tens digit of 25906523?
2
What is the millions digit of 6908558145?
8
What is the units digit of 133634451?
1
What is the ten thousands digit of 2966820474?
2
What is the hundred millions digit of 180731859?
1
What is the hundred thousands digit of 296833051?
8
What is the thousands digit of 42521736?
1
What is the hundred millions digit of 102178867?
1
What is the hundreds digit of 20313538?
5
What is the thousands digit of 111335106?
5
What is the tens digit of 1965996887?
8
What is the millions digit of 192738012?
2
What is the hundreds digit of 252324095?
0
What is the thousands digit of 246239631?
9
What is the millions digit of 308094594?
8
What is the hundred thousands digit of 1091157318?
1
What is the ten thousands digit of 7230847?
3
What is the hundreds digit of 1445846688?
6
What is the hundred thousands digit of 47042315?
0
What is the units digit of 2515550301?
1
What is the millions digit of 69878948?
9
What is the hundred thousands digit of 28431862?
4
What is the tens digit of 146821357?
5
What is the hundred millions digit of 2094756491?
0
What is the hundred thousands digit of 38694562?
6
What is the hundreds digit of 45050583?
5
What is the ten millions digit of 89311938?
8
What is the billions digit of 1461398453?
1
What is the units digit of 12301811?
1
What is the billions digit of 1533292911?
1
What is the tens digit of 62652478?
7
What is the ten thousands digit of 7750661331?
6
What is the thousands digit of 180452098?
2
What is the tens digit of 689991071?
7
What is the units digit of 54444337?
7
What is the thousands digit of 1976725206?
5
What is the thousands digit of 4296850057?
0
What is the hundred thousands digit of 2173160773?
1
What is the units digit of 211166911?
1
What is the thousands digit of 845644253?
4
What is the ten millions digit of 173259276?
7
What is the hundred millions digit of 2669909302?
6
What is the millions digit of 131231154?
1
What is the ten thousands digit of 971612608?
1
What is the hundred thousands digit of 79459190?
4
What is the millions digit of 160594159?
0
What is the ten thousands digit of 78385190?
8
What is the units digit of 1310100018?
8
What is the hundred millions digit of 4159079980?
1
What is the units digit of 43689214?
4
What is the ten thousands digit of 589149537?
4
What is the tens digit of 433639752?
5
What is the hundred millions digit of 3872199716?
8
What is the thousands digit of 316557271?
7
What is the hundred thousands digit of 55604344?
6
What is the ten thousands digit of 791571983?
7
What is the hundred millions digit of 676508658?
6
What is the thousands digit of 2990554888?
4
What is the hundred millions digit of 332726275?
3
What is the billions digit of 3631557601?
3
What is the hundred millions digit of 566814750?
5
What is the units digit of 2875472733?
3
What is the hundred thousands digit of 453796700?
7
What is the hundred thousands digit of 165125948?
1
What is the hundreds digit of 32554596?
5
What is the tens digit of 1919313346?
4
What is the units digit of 1096493695?
5
What is the ten thousands digit of 48815866?
1
What is the ten thousands digit of 73431157?
3
What is the hundreds digit of 6723310182?
1
What is the thousands digit of 87518057?
8
What is the billions digit of 2815617694?
2
What is the units digit of 699421760?
0
What is the tens digit of 6117570?
7
What is the ten millions digit of 6762202197?
6
What is the hundreds digit of 33827284?
2
What is the tens digit of 495867101?
0
What is the thousands digit of 437813461?
3
What is the hundred millions digit of 684560794?
6
What is the hundreds digit of 54856412?
4
What is the hundred thousands digit of 669234254?
2
What is the units digit of 12905535?
5
What is the hundreds digit of 436663912?
9
What is the thousands digit of 1517218047?
8
What is the ten thousands digit of 130901292?
0
What is the units digit of 58579522?
2
What is the hundred millions digit of 639944945?
6
What is the ten thousands digit of 43328232?
2
What is the millions digit of 3215316386?
5
What is the thousands digit of 160839875?
9
What is the ten millions digit of 1717587482?
1
What is the ten thousands digit of 12925520?
2
What is the thousands digit of 127329759?
9
What is the ten thousands digit of 16846308?
4
What is the ten thousands digit of 78184690?
8
What is the thousands digit of 38314207?
4
What is the ten millions digit of 261301078?
6
What is the ten thousands digit of 82308833?
0
What is the hundreds digit of 197084022?
0
What is the millions digit of 237361802?
7
What is the tens digit of 14145620?
2
What is the tens digit of 31640510?
1
What is the ten millions digit of 621302639?
2
What is the ten millions digit of 111153893?
1
What is the hundred thousands digit of 73067090?
0
What is the millions digit of 932923344?
2
What is the units digit of 78663587?
7
What is the hundred millions digit of 392201211?
3
What is the hundred thousands digit of 132139226?
1
What is the units digit of 80158004?
4
What is the ten thousands digit of 2911890926?
9
What is the thousands digit of 75081233?
1
What is the hundreds digit of 626886283?
2
What is the hundred millions digit of 5146732682?
1
What is the millions digit of 476334923?
6
Wh